8/6720 - x**7/1260 - x**6/180 - 7*x**5/120 - 35*x**4/3 + 99*x. Let u(g) be the third derivative of p(g). Give u(4).
9
Let y(q) be the second derivative of -q**3 - 5*q**2 - 76*q + 2. Let p(l) = -l - 1. Suppose f = 1, 4*o - o + 10 = f. Let a(n) = o*p(n) + y(n). What is a(-5)?
8
Let k be (3 - 156/(-8))/((-330)/(-220)). Let b(c) = -7*c + 126. What is b(k)?
21
Let j(g) be the second derivative of -5*g**3/6 + 15*g**2/2 + 1237*g. Calculate j(9).
-30
Let w(g) = -g**2 + 6*g + 7. Suppose -3*k + 1169 = 4*v, 4*v + 7*k = 9*k + 1194. Suppose -23*l = 14*l - v. Give w(l).
-9
Let o be 40 + -41 + 1*2. Let d(f) = -f**3 + f**2 - 8*f - 5. Let v(p) = p**2 - p - 1. Let y(g) = o*d(g) - 6*v(g). Calculate y(-4).
-7
Let a(p) = -7*p**2 + 2*p - 136. Let t(g) = -16*g**2 + 4*g - 272. Let j(s) = 7*a(s) - 3*t(s). Let x(k) be the first derivative of j(k). Give x(0).
2
Suppose -334*f = -333*f - 3*a + 13, -2*a + 8 = 0. Let i(t) = 4*t**2 + 9*t + 8. Calculate i(f).
3
Let b(o) = -o**3 + o**2 + 3*o - 1. Let l(f) = -5*f**3 + 10*f**2 + 10*f + 8. Let i(x) = 4*b(x) - l(x). Give i(6).
0
Let r = -16 + 36. Let z be (-4)/(-5) + (48/r)/(-3). Suppose -35 = -z*s - 5*s. Let p(t) = t**3 - 8*t**2 + 6*t. Give p(s).
-7
Let q(x) = -10*x**2 + 4*x - 23. Let o(v) = 7*v**2 - 3*v + 16. Let j(g) = 24*g - 17. Let k be j(1). Let y(w) = k*o(w) + 5*q(w). Give y(0).
-3
Let n(a) = 13*a**2 - 90*a - 19. Let x(z) = 54*z**2 - 374*z - 74. Let j(g) = -25*n(g) + 6*x(g). Determine j(11).
-24
Let q(h) be the third derivative of -h**4/24 + 3*h**3/2 - 322*h**2. Determine q(-8).
17
Let q(p) = p**2 - 43*p + 0*p**2 + 9 + 42*p + 0*p**2 + 19. Suppose 7*h = 26*h. Determine q(h).
28
Let s(z) be the second derivative of -107*z + 1/20*z**5 - 13/2*z**2 + 0 + 0*z**3 + 1/12*z**4. Give s(0).
-13
Let x(f) be the second derivative of -2 + 7/10*f**5 + 1/2*f**2 - 1/6*f**4 + 0*f**3 - 10*f. Calculate x(-1).
-15
Let h(z) = -z**3 + z**2 + 3*z + 1. Suppose -201 = -7*s - 40. Let c(a) = -26*a**3 - s*a**3 + 50*a**3 + 3*a - 4*a**2. Let q be c(2). Give h(q).
7
Let f(l) = -l**2 - 8*l - 9. Suppose -8 = 2*r + 2*h, 4*r - 3*h = 15 - 45. Let j be f(r). Let u(n) = n**3 - 3*n**2 + 3*n + 3. Calculate u(j).
12
Suppose 0*p = 2*p - 832. Suppose -17*q = -q - p. Let x(h) = 2*h**2 + 2*h - 22 + 46 - q. What is x(2)?
10
Let b(w) = w**2 + 5*w + 7. Let n(f) = -f**2 - 5*f - 6. Let m(i) = i - 14. Let l be m(17). Let o(p) = l*b(p) + 4*n(p). Let t = 46 - 51. Give o(t).
-3
Let o = 353 - 351. Let c(n) = -8*n + 83*n**2 + 79*n**o + 6 - 161*n**2. Determine c(7).
-1
Let n(l) = -3*l**2 + l + 1. Let d be 0 + (-28)/(-7) - 172. Let u = -166 - d. Determine n(u).
-9
Let r(v) = v**3 - 99*v**2 + 1898*v + 7. Let d be r(73). Let p(s) = -2*s + 0*s**3 + 3*s**3 - 7*s**2 - 1 - 2*s**3. Calculate p(d).
-15
Let o(v) = -65*v + 10. Let r(t) = 57*t - 9. Let l(d) = 8*o(d) + 9*r(d). Calculate l(5).
-36
Let s = 813 - 806. Let n(k) = -k**2 - 10*k + 2. Let f be n(-7). Let z(q) = -2*q + 24 - f + s*q. Give z(-1).
-4
Let q(t) be the second derivative of t**3/6 + 2*t**2 + t. Let h(w) = w**3 + 11*w**2 - 14. Let x be h(-8). Let u = x - 185. Determine q(u).
-3
Let v be (-4 - 5)*2/(-6)*2. Suppose -2*c + 3*y = v*y + 15, 3*c - 4*y = 20. Let u(s) = -s + 26. Give u(c).
26
Let p(a) be the first derivative of -a**4/4 + 7*a**3/3 - 4*a**2 + 8*a + 72. Let g(q) = q**3 - 14*q**2 + 14*q - 7. Let n be g(13). What is p(n)?
-4
Let n(l) = -14*l + 8 - 7 - 31 + 4. Calculate n(-3).
16
Let x(s) = 2*s - 58. Let m(i) = -i + 63. Let o(h) = 5*m(h) + 6*x(h). Let u be o(4). Let j(z) = z**2 + z + 2. Calculate j(u).
22
Let t(i) be the third derivative of i**6/60 + 59*i**5/60 + 9*i**4/8 - 6*i**3 + 1322*i**2. Give t(-29).
22
Let z(o) = -o**2 - 19*o + 17. Let w be (-274)/(-959) - (-135)/(-7). Calculate z(w).
17
Suppose -9 = d - 2*f, -4*d = 2*f - 5*f + 26. Let m(h) be the first derivative of h**4/4 + 4*h**3/3 - 2*h**2 - h + 3858. Calculate m(d).
-6
Let u(b) = 11*b**2 + 17*b - 11. Let c(k) = 30*k**2 + 47*k - 30. Let z(x) = 4*c(x) - 11*u(x). Give z(3).
-5
Let u(c) = 15*c**2 - 1. Suppose 3*z = -0*w + 2*w + 6, -3*z + 33 = -5*w. Let n be ((-28)/(-6) + -4)/(6/w). What is u(n)?
14
Let j(i) be the third derivative of -i**5/15 + i**4/6 - 5*i**3/6 - 7*i**2 + 442*i. Give j(4).
-53
Suppose -68*l - 540 = -8*l. Let p(v) = -2*v - 19. What is p(l)?
-1
Let a(q) = -3*q - 6 - 7*q**2 - 3*q**2 + q**3 - 6*q + 16*q. Let p(z) = -8*z + 105. Let r be p(12). Determine a(r).
-24
Let k(w) = 254*w + 14231. Let i be k(-56). Let z(n) = -3*n**3 + 21*n**2 + 2*n - 21. What is z(i)?
-7
Let n(t) = -3*t - 1. Let k(z) = 4*z + 59. Let l be k(-14). Let a(c) = 4*c - 8. Let j be a(l). Suppose 131 = -j*q + 115. What is n(q)?
11
Let m(q) = 9*q**2 - 8*q + 9. Let s be m(1). Let u(b) = -3*b + 31. Let i be u(s). Let n(w) be the third derivative of -w**4/6 - w**3/6 - w**2. Give n(i).
-5
Let v(o) be the third derivative of o**5/15 + 8*o**4/3 + 7*o**3/6 + 3391*o**2. Calculate v(-16).
7
Let z = -32 + 92. Let w be (0 - (-1)/(-2))/(6/z). Let n(r) = -r - 9. Give n(w).
-4
Let k be -3 + (4 - 0) + -4. Let i(z) = -9*z + 1. Let w(f) = -3*f + 1. Let x(c) = -i(c) + 2*w(c). Determine x(k).
-8
Suppose 28*p + 50 - 7 = -41. Let v(f) = -2*f**3 + 2*f**2 - 2*f - 1. Determine v(p).
77
Let f be (7 + -4 - (-6 - -10))*7. Let t(d) = -6*d**2 + d - 4. Let q(u) = -11*u**2 + 4*u - 9. Let k(g) = f*t(g) + 4*q(g). Give k(7).
-43
Let i = -2775 - -2787. Let r(y) = 6*y - 14. Give r(i).
58
Let s(c) = -c**3 + 4*c + 3. Let g = 49 - 39. Let b be 33/(-55) - (-176)/g. Suppose -2*h + b = 5*i + 1, 14 = -5*h + i. What is s(h)?
3
Let q be 204/(-105) - (-52)/(-910). Let t(l) = 13*l + 22. What is t(q)?
-4
Let s(j) = -1 + 2*j**3 + 12868*j - 12868*j - 8*j**2. Let p(i) = -2*i**3 + 6*i**2 + 1. Let g(w) = 4*p(w) + 3*s(w). Determine g(-2).
17
Suppose 105*u = -1430 + 268 - 308. Let d(j) = j + 7. Determine d(u).
-7
Let r = 487 + -488. Let s(h) be the third derivative of 3*h**6/40 - h**5/60 - h**4/24 + 12*h**2. What is s(r)?
-9
Let v(f) = -f**2 - 3*f + 24. Let w(z) = 101*z - 107. Let t be w(1). Calculate v(t).
6
Suppose 5*p - 146 = -56. Suppose -p + 10 = -4*t. Suppose 4*f + 5*g - t + 13 = 0, f - 3*g - 10 = 0. Let u(l) = -16*l - 1. Calculate u(f).
-17
Let v be -14 - -6*(-24)/(-16). Let i(b) = b**3 + 5*b**2 - 4*b + 5. What is i(v)?
25
Let s(b) = 2*b**2 + 10*b + 2. Let k(o) = 6*o**2 + 30*o + 5. Let w(u) = 3*k(u) - 8*s(u). Let x be (-9 - 1) + 8 + -5. Give w(x).
27
Let c(g) = -2*g**2 - 30*g - 152. Let k(u) = u**2 + 12*u + 61. Let p(y) = 5*c(y) + 12*k(y). Determine p(-3).
8
Let w be 147/63*-3 + 19. Let n(c) = c**3 - 13*c**2 - 2*c + 17. Determine n(w).
-151
Suppose -16*h - 497 = -433. Let x(b) = -18*b - 36. Determine x(h).
36
Let l = -150 + 140. Let w = l - -4. Let f(i) = -i + 2. What is f(w)?
8
Suppose -23*z = 132 - 40. Let k(c) = -9*c + 14. Calculate k(z).
50
Let v(f) = -f**3 + 3*f**2 + 2*f - 2. Suppose -3 = -27*n + 31*n + 9. Give v(n).
46
Let s(w) = -735*w - 2211. Let i be s(-3). Let f(p) be the first derivative of -p - 9/2*p**2 - 2/3*p**3 + 2. Give f(i).
-19
Let a(c) = -11*c**2 - 2*c + 1. Suppose 4110 - 898 = -11*m. Let o = m - -293. Give a(o).
-12
Let m(w) = w - 3. Let s(t) = -2*t**2 - 33*t + 245. Let u be s(-22). Calculate m(u).
0
Suppose -6*z = -4*c - z + 1831, 3*c = -3*z + 1380. Suppose -9*s + c = -0*s. Let n = s - 41. Let d(x) = x**3 - 9*x**2 - 9*x - 12. Calculate d(n).
-2
Suppose 5*p + 14*x + 817 = 13*x, -495 = 3*p - x. Let h = -169 - p. Let l(n) = -n - 4. Determine l(h).
1
Suppose -15*h + 456 = -14*h + 75*h. Let o(j) = j**2 - 42. Calculate o(h).
-6
Let y(o) = 3*o**2 + 4*o - 16. Let v(p) = -19*p**2 - 26*p + 97. Let x(d) = -2*v(d) - 13*y(d). Give x(-4).
-2
Let i(a) = -4*a + 9. Let m(p) = -3*p + 10. Let f(q) = -2*i(q) + 3*m(q). Suppose -o + 3 = -t, 7*t - 8*t = -3. Calculate f(o).
6
Let h(m) = 23*m**3 - 1. Suppose -22*o - 4 = 18. Calculate h(o).
-24
Let a be ((-11)/((-55)/4))/((-1)/(-15)). Let i(m) = m - 6*m**2 - a - 6 + m**3 + 19. Let u = -42 - -47. Calculate i(u).
-19
Let p(u) = -u**2 - u - 2. Let w be 4/(-32) - (-1282)/16. Suppose w + 52 = -33*c. What is p(c)?
-14
Suppose -4*d - 2 = 6. Let m(p) be the third derivative of -1/8*p**4 + 1/30*p**5 - 17*p**2 + 1/120*p**6 + 0*p - 1/2*p**3 - 2. What is m(d)?
3
Let o(z) be the first derivative of -125 + 9*z + 1/2*z**2. What is o(-8)?
1
Let a(y) = -y - 1 - 4*y + 3*y + 5*y. Let x be ((-44)/(5 + -3